{"id":3,"date":"2022-12-20T10:27:41","date_gmt":"2022-12-20T10:27:41","guid":{"rendered":"http:\/\/ab-pic.ac-fb.fr\/?page_id=3"},"modified":"2025-05-20T15:11:01","modified_gmt":"2025-05-20T13:11:01","slug":"privacy-policy","status":"publish","type":"page","link":"https:\/\/abpic.fr\/index.php\/privacy-policy\/","title":{"rendered":"Mentions l\u00e9gales"},"content":{"rendered":"\n<h2 class=\"wp-block-heading\"><strong>Edition du site<\/strong><\/h2>\n\n\n\n<p>Conform\u00e9ment \u00e0 l\u2019article 6 de la loi n\u00b0 2004-575 du 21 juin 2004, il est pr\u00e9cis\u00e9 aux utilisateurs du site abpic.fr, l\u2019identit\u00e9 des diff\u00e9rents intervenants dans le cadre de sa r\u00e9alisation et de son suivi :<\/p>\n\n\n\n<p><strong class=\"privacy-policy-tutorial\">Propri\u00e9taire, concepteur et gestionnaire (technique, \u00e9dition) du site : <\/strong><span style=\"background-color: initial;\">Anthony Besq, 100 rue du hameau Burnel, Tourlaville &#8211; 50110 Cherbourg-en-Cotentin<\/span><br><br><strong>Identification de l\u2019entreprise :<\/strong> AB PIC \u2013 SIRET\u00a0 : 92859315100014 \u2013 Adresse postale : 100 rue du hameau Burnel, Tourlaville &#8211; 50110 Cherbourg-en-Cotentin \u2013 Mail: contact@abpic.fr<span style=\"background-color: initial;\"><\/span><br>Dispens\u00e9e d\u2019immatriculation au registre du commerce et des soci\u00e9t\u00e9s (RCS) et au r\u00e9pertoire des m\u00e9tiers en application de l\u2019article l 123-1-1 du code de commerce.<br>Num\u00e9ro de TVA : T.V.A. non applicable, art. 293 B du CGI<br><br><p style=\"margin: 0px; font-style: normal; font-variant-caps: normal; font-stretch: normal; font-size: 11px; line-height: normal; font-family: &quot;Helvetica Neue&quot;; font-size-adjust: none; font-kerning: auto; font-variant-alternates: normal; font-variant-ligatures: normal; font-variant-numeric: normal; font-variant-east-asian: normal; font-variant-position: normal; font-variant-emoji: normal; font-feature-settings: normal; font-optical-sizing: auto; font-variation-settings: normal; color: rgb(0, 0, 0); min-height: 12px;\"><strong style=\"color: rgb(14, 14, 23); font-family: Roboto; font-size: 18px;\">H\u00e9bergement du site :<\/strong><span style=\"color: rgb(14, 14, 23); font-family: Roboto; font-size: 18px; background-color: initial;\"> SAS OVH &#8211; 2 rue Kellermann, BP 80157, 59100 Roubaix &#8211; Mail :support@ovh.com &#8211; Site internet : www.ovhcloud.com<\/span><\/p><\/p>\n\n\n\n<h2 class=\"wp-block-heading\"><strong>Propri\u00e9t\u00e9 intellectuelle et contrefa\u00e7ons<\/strong><\/h2>\n\n\n\n<p>L&rsquo;ensemble du contenu du site, notamment les textes, photographies, logos, marques, et autres \u00e9l\u00e9ments graphiques, est la propri\u00e9t\u00e9 exclusive de AB PIC ou de ses partenaires (notamment en ce qui concerne le portfolio des projets) et est prot\u00e9g\u00e9 par les lois fran\u00e7aises et internationales sur la propri\u00e9t\u00e9 intellectuelle.<br><br>Toute reproduction, repr\u00e9sentation, modification, publication, adaptation de tout ou partie des \u00e9l\u00e9ments du site, quel que soit le moyen ou le proc\u00e9d\u00e9 utilis\u00e9, est interdite, sauf autorisation \u00e9crite pr\u00e9alable de AB PIC.<br><br>Toute exploitation non autoris\u00e9e du site ou de l\u2019un quelconque des \u00e9l\u00e9ments qu\u2019il contient sera consid\u00e9r\u00e9e comme constitutive d\u2019une contrefa\u00e7on et poursuivie conform\u00e9ment aux dispositions des articles L.335-2 et suivants du Code de Propri\u00e9t\u00e9 Intellectuelle.<\/p>\n\n\n\n<h2 class=\"wp-block-heading\"><strong>Limitations de responsabilit\u00e9<\/strong><\/h2>\n\n\n\n<p>AB PIC ne pourra \u00eatre tenu pour responsable des dommages directs et indirects caus\u00e9s au mat\u00e9riel de l\u2019utilisateur, lors de l\u2019acc\u00e8s au site. AB PIC d\u00e9cline toute responsabilit\u00e9 en cas d&rsquo;interruption ou de dysfonctionnement du site.<br><br>AB PIC d\u00e9cline toute responsabilit\u00e9 quant \u00e0 l\u2019utilisation qui pourrait \u00eatre faite des informations et contenus pr\u00e9sents sur <a href=\"http:\/\/abpic.fr\">abpic.fr<\/a>&nbsp;<br><br>Le site peut contenir des liens hypertextes vers d&rsquo;autres sites internet. AB PIC n&rsquo;exerce aucun contr\u00f4le sur le contenu de ces sites et d\u00e9cline toute responsabilit\u00e9 quant \u00e0 leur contenu et \u00e0 leur utilisation.<br><br>AB PIC s\u2019engage \u00e0 s\u00e9curiser au mieux le site abpic.fr, cependant sa responsabilit\u00e9 ne pourra \u00eatre mise en cause si des donn\u00e9es ind\u00e9sirables sont import\u00e9es et install\u00e9es sur son site \u00e0 son insu.<br><br>Des espaces interactifs (espace contact ou commentaires) sont \u00e0 la disposition des utilisateurs. AB PIC se r\u00e9serve le droit de supprimer, sans mise en demeure pr\u00e9alable, tout contenu d\u00e9pos\u00e9 dans cet espace qui contreviendrait \u00e0 la l\u00e9gislation applicable en France, en particulier aux dispositions relatives \u00e0 la protection des donn\u00e9es.<br><br>Le cas \u00e9ch\u00e9ant, AB PIC se r\u00e9serve \u00e9galement la possibilit\u00e9 de mettre en cause la responsabilit\u00e9 civile et\/ou p\u00e9nale de l\u2019utilisateur, notamment en cas de message \u00e0 caract\u00e8re raciste, injurieux, diffamant, ou pornographique, quel que soit le support utilis\u00e9 (texte, photographie\u2026).<br><\/p>\n\n\n\n\n\n\n\n<h2 class=\"wp-block-heading\"><strong>Collecte de donn\u00e9es personnelles et Cookies<\/strong><\/h2>\n\n\n\n<p>Le site abpic.fr utilise des cookies.<br><br>Les donn\u00e9es de trafic et les fichiers de cookies implant\u00e9s sur votre ordinateur ont uniquement pour finalit\u00e9 de permettre l\u2019analyse de la fr\u00e9quentation des pages d\u2019information afin d\u2019en am\u00e9liorer le contenu. Les donn\u00e9es relatives \u00e0 la navigation des visiteurs ne sont pas exploit\u00e9es nominativement. Il s\u2019agit de statistiques agr\u00e9g\u00e9es permettant de conna\u00eetre les pages les plus et les moins populaires, les chemins pr\u00e9f\u00e9r\u00e9s, les niveaux d\u2019activit\u00e9 par jour de la semaine et par heure de la journ\u00e9e, les principales erreurs clients ou serveur.<br>En aucun cas, l\u2019adresse e-mail des visiteurs n\u2019est collect\u00e9e sans que ces derniers ne la communiquent d\u00e9lib\u00e9r\u00e9ment (formulaire de contact).<br><br>On rappelle que vous disposez, dans votre logiciel de navigation, de la possibilit\u00e9 de bloquer l\u2019implantation de cookies sur votre ordinateur.<br><\/p>\n","protected":false},"excerpt":{"rendered":"<p>Edition du site Conform\u00e9ment \u00e0 l\u2019article 6 de la loi n\u00b0 2004-575 du 21 juin 2004, il est pr\u00e9cis\u00e9 aux utilisateurs du site abpic.fr, l\u2019identit\u00e9 des diff\u00e9rents intervenants dans le cadre de sa r\u00e9alisation et de son suivi : Propri\u00e9taire, concepteur et gestionnaire (technique, \u00e9dition) du site : Anthony Besq, 100 rue du hameau Burnel, [&hellip;]<\/p>\n","protected":false},"author":1,"featured_media":0,"parent":0,"menu_order":0,"comment_status":"closed","ping_status":"open","template":"","meta":{"saved_in_kubio":true,"footnotes":""},"class_list":["post-3","page","type-page","status-publish","hentry"],"kubio_ai_page_context":{"short_desc":"","purpose":"general"},"_links":{"self":[{"href":"https:\/\/abpic.fr\/index.php\/wp-json\/wp\/v2\/pages\/3","targetHints":{"allow":["GET"]}}],"collection":[{"href":"https:\/\/abpic.fr\/index.php\/wp-json\/wp\/v2\/pages"}],"about":[{"href":"https:\/\/abpic.fr\/index.php\/wp-json\/wp\/v2\/types\/page"}],"author":[{"embeddable":true,"href":"https:\/\/abpic.fr\/index.php\/wp-json\/wp\/v2\/users\/1"}],"replies":[{"embeddable":true,"href":"https:\/\/abpic.fr\/index.php\/wp-json\/wp\/v2\/comments?post=3"}],"version-history":[{"count":6,"href":"https:\/\/abpic.fr\/index.php\/wp-json\/wp\/v2\/pages\/3\/revisions"}],"predecessor-version":[{"id":700,"href":"https:\/\/abpic.fr\/index.php\/wp-json\/wp\/v2\/pages\/3\/revisions\/700"}],"wp:attachment":[{"href":"https:\/\/abpic.fr\/index.php\/wp-json\/wp\/v2\/media?parent=3"}],"curies":[{"name":"wp","href":"https:\/\/api.w.org\/{rel}","templated":true}]}}